{"id":1781,"date":"2023-07-12T17:20:56","date_gmt":"2023-07-12T17:20:56","guid":{"rendered":"https:\/\/jatman.ee\/epood\/?post_type=product&#038;p=1781"},"modified":"2026-04-18T09:35:02","modified_gmt":"2026-04-18T09:35:02","slug":"mustika-sorbett","status":"publish","type":"product","link":"https:\/\/jatman.ee\/epood\/mustikasorbett\/","title":{"rendered":"Mustika sorbett \ud83c\uddee\ud83c\uddf9"},"content":{"rendered":"","protected":false},"excerpt":{"rendered":"<p><strong>Mustika maitseline sinakat v\u00e4rvi sorbeti segu.<\/strong><\/p>\n<p>* Gluteenivaba<br \/>\n* Laktoosivaba<br \/>\n* Vegan<br \/>\n* Paki kaal 1.25 kg<br \/>\n* Valmistatud Itaalias, tootja Rubicone<\/p>\n<p><strong>Doseerimine<\/strong>: Paki sisule lisada 3l vett<\/p>\n<p><strong>Koostis<\/strong>: sahharoos, kuivatatud gl\u00fckoos, dekstroos, taimsed kiudained, h\u00fcdrogeenimata taimserasvad (kookos), Happeaine: sidrunhape, stabilisaator: E410, E466, E405, l\u00f5hna- ja maitseained, V\u00e4rvaine: E163, emulgaatorid: E4271, sool. V\u00f5ib sisaldada piima, soja.<br \/>\n<a href=\"https:\/\/jatman.ee\/epood\/wp-content\/uploads\/2023\/07\/ready-blueberry-base-rubicone-1.jpg\"><img decoding=\"async\" class=\"alignnone size-full wp-image-1782\" src=\"https:\/\/jatman.ee\/epood\/wp-content\/uploads\/2023\/07\/ready-blueberry-base-rubicone-1.jpg\" alt=\"\" width=\"700\" height=\"700\" srcset=\"https:\/\/jatman.ee\/epood\/wp-content\/uploads\/2023\/07\/ready-blueberry-base-rubicone-1.jpg 700w, https:\/\/jatman.ee\/epood\/wp-content\/uploads\/2023\/07\/ready-blueberry-base-rubicone-1-300x300.jpg 300w, https:\/\/jatman.ee\/epood\/wp-content\/uploads\/2023\/07\/ready-blueberry-base-rubicone-1-150x150.jpg 150w, https:\/\/jatman.ee\/epood\/wp-content\/uploads\/2023\/07\/ready-blueberry-base-rubicone-1-600x600.jpg 600w, https:\/\/jatman.ee\/epood\/wp-content\/uploads\/2023\/07\/ready-blueberry-base-rubicone-1-100x100.jpg 100w\" sizes=\"(max-width: 700px) 100vw, 700px\" \/><\/a><\/p>\n<p><strong>Tootekood<\/strong> N561<br \/>\n<em>Hind sisaldab k\u00e4ibemaksu<\/em><\/p>\n","protected":false},"featured_media":1783,"template":"","meta":{"_exactmetrics_skip_tracking":false,"_exactmetrics_sitenote_active":false,"_exactmetrics_sitenote_note":"","_exactmetrics_sitenote_category":0},"product_cat":[74,73],"product_tag":[68,69,71],"class_list":{"0":"post-1781","1":"product","2":"type-product","3":"status-publish","4":"has-post-thumbnail","6":"product_cat-rubicone-2","7":"product_cat-sorbetid","8":"product_tag-pehme-jaatise-pulber","9":"product_tag-rubicone","10":"product_tag-sorbett","12":"first","13":"instock","14":"taxable","15":"shipping-taxable","16":"purchasable","17":"product-type-simple"},"_links":{"self":[{"href":"https:\/\/jatman.ee\/epood\/wp-json\/wp\/v2\/product\/1781","targetHints":{"allow":["GET"]}}],"collection":[{"href":"https:\/\/jatman.ee\/epood\/wp-json\/wp\/v2\/product"}],"about":[{"href":"https:\/\/jatman.ee\/epood\/wp-json\/wp\/v2\/types\/product"}],"wp:featuredmedia":[{"embeddable":true,"href":"https:\/\/jatman.ee\/epood\/wp-json\/wp\/v2\/media\/1783"}],"wp:attachment":[{"href":"https:\/\/jatman.ee\/epood\/wp-json\/wp\/v2\/media?parent=1781"}],"wp:term":[{"taxonomy":"product_cat","embeddable":true,"href":"https:\/\/jatman.ee\/epood\/wp-json\/wp\/v2\/product_cat?post=1781"},{"taxonomy":"product_tag","embeddable":true,"href":"https:\/\/jatman.ee\/epood\/wp-json\/wp\/v2\/product_tag?post=1781"}],"curies":[{"name":"wp","href":"https:\/\/api.w.org\/{rel}","templated":true}]}}