{"id":1841,"date":"2023-07-18T20:02:36","date_gmt":"2023-07-18T20:02:36","guid":{"rendered":"https:\/\/jatman.ee\/epood\/?post_type=product&#038;p=1841"},"modified":"2024-12-02T11:38:00","modified_gmt":"2024-12-02T11:38:00","slug":"vanillde","status":"publish","type":"product","link":"https:\/\/jatman.ee\/epood\/vanil-de\/","title":{"rendered":"Vanill \ud83c\udde9\ud83c\uddea"},"content":{"rendered":"","protected":false},"excerpt":{"rendered":"<p><strong>Vanilli maitselise pehme j\u00e4\u00e4tis segu<\/strong><\/p>\n<p>* Gluteenivaba<br \/>\n* Paki kaal 1 kg (12.00\u20ac\/kg)<br \/>\n* Valmistatud Saksamaal, tootja Eis.Zwei.Drei<\/p>\n<p><strong>Doseerimine<\/strong>: Paki sisule lisada 3l vett, piima v\u00f5i koort. Saadud segust valmib ca 6 -7 liitrit pehmet j\u00e4\u00e4tist.<\/p>\n<p><strong>Koostis<\/strong>: suhkur, koorepulber, t\u00e4ispiimapulber, gl\u00fckoos. Paksendaja E466 , E412 ja E401, sool, aroom, ehtne bourbon vanill<\/p>\n","protected":false},"featured_media":1842,"template":"","meta":{"_exactmetrics_skip_tracking":false,"_exactmetrics_sitenote_active":false,"_exactmetrics_sitenote_note":"","_exactmetrics_sitenote_category":0},"product_cat":[50,67,72],"product_tag":[],"class_list":{"0":"post-1841","1":"product","2":"type-product","3":"status-publish","4":"has-post-thumbnail","6":"product_cat-jatman-jaatised","7":"product_cat-pehmejaatis","8":"product_cat-saksamaa-jaatisesegud","10":"first","11":"outofstock","12":"taxable","13":"shipping-taxable","14":"purchasable","15":"product-type-simple"},"_links":{"self":[{"href":"https:\/\/jatman.ee\/epood\/wp-json\/wp\/v2\/product\/1841","targetHints":{"allow":["GET"]}}],"collection":[{"href":"https:\/\/jatman.ee\/epood\/wp-json\/wp\/v2\/product"}],"about":[{"href":"https:\/\/jatman.ee\/epood\/wp-json\/wp\/v2\/types\/product"}],"wp:featuredmedia":[{"embeddable":true,"href":"https:\/\/jatman.ee\/epood\/wp-json\/wp\/v2\/media\/1842"}],"wp:attachment":[{"href":"https:\/\/jatman.ee\/epood\/wp-json\/wp\/v2\/media?parent=1841"}],"wp:term":[{"taxonomy":"product_cat","embeddable":true,"href":"https:\/\/jatman.ee\/epood\/wp-json\/wp\/v2\/product_cat?post=1841"},{"taxonomy":"product_tag","embeddable":true,"href":"https:\/\/jatman.ee\/epood\/wp-json\/wp\/v2\/product_tag?post=1841"}],"curies":[{"name":"wp","href":"https:\/\/api.w.org\/{rel}","templated":true}]}}