{"id":1285,"date":"2023-01-12T19:24:19","date_gmt":"2023-01-12T19:24:19","guid":{"rendered":"https:\/\/jatman.ee\/test\/?page_id=1285"},"modified":"2023-01-13T12:03:20","modified_gmt":"2023-01-13T12:03:20","slug":"minipannkoogimasina-kasutusjuhend","status":"publish","type":"page","link":"https:\/\/jatman.ee\/test\/minipannkoogimasina-kasutusjuhend\/","title":{"rendered":"Minipannkoogimasina juhend"},"content":{"rendered":"<p class=\"has-regular-font-size\"><strong>Masinate m\u00f5\u00f5dud<\/strong><\/p><ul class=\"wp-block-list\"><li>100se minipannkoogi m\u00f5\u00f5dud on 540x590x200 mm ja kaal 18kg.<\/li>\n\n<li>50se minipannkoogi m\u00f5\u00f5dud on 540x325x160 mm ja kaal 10kg<\/li>\n\n<li>Pannkoogi suurus: \u00f843 x 15 mm<\/li><\/ul><p class=\"has-regular-font-size\"><strong>Mida on oluline teada minipannkoogimasina kasutamisest:<\/strong><\/p><ul class=\"wp-block-list\"><li>Suuremat, ehk 100 minipannkoogimasinat soovitame alates 500 minipannkoogi valmistamisel.<\/li>\n\n<li>Masina t\u00f6\u00f6d (sisse l\u00fclitada\/kuumust muuta) saab reguleerida poole k\u00fcpsetusplaadi kaupa.<\/li>\n\n<li>Masin vajab t\u00f6\u00f6tamiseks voolu ning tuleb asetada lauale\/t\u00f6\u00f6tasapinnale.<\/li>\n\n<li>Masin ei sobi iseseisvaks kasutamiseks v\u00e4ikestele lastele! Kuid t\u00e4iskasvanu j\u00e4relvalve all saavad hakkama ka lapsed!<\/li>\n\n<li>Masinat ei tohi puutuda teravate esemetega! Pannkookide p\u00f6\u00f6ramiseks tuleb kasutada kas silikoonist tange v\u00f5i puidust kahvlit<strong>! <\/strong><\/li>\n\n<li><strong>K\u00fcpsetamine tuleb l\u00f5petada minimaalselt tund enne rendiaja l\u00f5ppu<\/strong>, <strong>et masin j\u00f5uaks jahtuda!<\/strong><\/li>\n\n<li>Masin tuleb p\u00e4rast kasutamist puhastada pehme mikrofiiberlapiga. Keelatud on karedate lappide kasutamine.<\/li><\/ul>","protected":false},"excerpt":{"rendered":"<p>Masinate m\u00f5\u00f5dud Mida on oluline teada minipannkoogimasina kasutamisest:<\/p>\n","protected":false},"author":5,"featured_media":0,"parent":0,"menu_order":0,"comment_status":"closed","ping_status":"closed","template":"","meta":{"_exactmetrics_skip_tracking":false,"_exactmetrics_sitenote_active":false,"_exactmetrics_sitenote_note":"","_exactmetrics_sitenote_category":0,"footnotes":""},"class_list":["post-1285","page","type-page","status-publish","hentry"],"_links":{"self":[{"href":"https:\/\/jatman.ee\/test\/wp-json\/wp\/v2\/pages\/1285","targetHints":{"allow":["GET"]}}],"collection":[{"href":"https:\/\/jatman.ee\/test\/wp-json\/wp\/v2\/pages"}],"about":[{"href":"https:\/\/jatman.ee\/test\/wp-json\/wp\/v2\/types\/page"}],"author":[{"embeddable":true,"href":"https:\/\/jatman.ee\/test\/wp-json\/wp\/v2\/users\/5"}],"replies":[{"embeddable":true,"href":"https:\/\/jatman.ee\/test\/wp-json\/wp\/v2\/comments?post=1285"}],"version-history":[{"count":9,"href":"https:\/\/jatman.ee\/test\/wp-json\/wp\/v2\/pages\/1285\/revisions"}],"predecessor-version":[{"id":1320,"href":"https:\/\/jatman.ee\/test\/wp-json\/wp\/v2\/pages\/1285\/revisions\/1320"}],"wp:attachment":[{"href":"https:\/\/jatman.ee\/test\/wp-json\/wp\/v2\/media?parent=1285"}],"curies":[{"name":"wp","href":"https:\/\/api.w.org\/{rel}","templated":true}]}}