{"id":679,"date":"2021-09-06T11:23:41","date_gmt":"2021-09-06T11:23:41","guid":{"rendered":"https:\/\/jatman.ee\/test\/?post_type=product&#038;p=679"},"modified":"2025-05-23T17:01:04","modified_gmt":"2025-05-23T17:01:04","slug":"popkorni-masin","status":"publish","type":"product","link":"https:\/\/jatman.ee\/test\/pood\/popkorni-masin\/","title":{"rendered":"Popkorni masin"},"content":{"rendered":"","protected":false},"excerpt":{"rendered":"<div class=\"\" data-block=\"true\" data-editor=\"19tpq\" data-offset-key=\"8m9bq-0-0\">\n<div class=\"_1mf _1mj\" data-offset-key=\"8m9bq-0-0\">\n<div class=\"\" data-block=\"true\" data-editor=\"19tpq\" data-offset-key=\"8m9bq-0-0\">\n<p><strong>Popkorn on ideaalne suupiste, sest see on ainus vahepala, mis sisaldab 100% t\u00f6\u00f6tlemata t\u00e4isteravilja ja \u00fcks portsjon popkorni katab umbes 70% inimese p\u00e4evasest t\u00e4istera vajadusest.<\/strong><\/p>\n<p>* Rendihind 50\u20ac\/p\u00e4ev (s.t.09:00-21:00)<br \/>\n* Rendihinnas sisaldub k\u00f5ik vajalik popkorni valmistamiseks: 1kg popkorni maisi, 20 topsi ning \u00f5li ja sool popkorni valmistamiseks.<br \/>\n* 1 kg popkornimaisist valmib ca 30 topsi popkorni.<br \/>\n* Popkornimasinat kasutades veendu, et ruumis oleks hea \u00f5hutus ning et popkornimasin ei asuks suitusanduri vahetus l\u00e4heduses!<br \/>\n* Voolutarve 1500 W<br \/>\n* Enne kasutamist tutvu <a href=\"https:\/\/jatman.ee\/test\/popkornimasina-juhend\/\">kasutusjuhendi<\/a> ja <a href=\"https:\/\/youtu.be\/2EogVJw-BT8\">videoga<\/a>!<\/p>\n<p><strong>Hind: 50\u20ac\/p\u00e4ev<\/strong><br \/>\n<em>* Rendihind sisaldab popkornimasina renti, 1 kg popkorni maisi, 20 topsi ja soola ning \u00f5li popkorni valmistamiseks<\/em><\/p>\n<\/div>\n<div class=\"\" data-block=\"true\" data-editor=\"19tpq\" data-offset-key=\"9fs21-0-0\">\n<div class=\"_1mf _1mj\" data-offset-key=\"9fs21-0-0\">\n<p>Broneerimiseks saada meile <strong><a href=\"https:\/\/jatman.ee\/test\/paring\/\">P\u00c4RING<\/a><\/strong><\/p>\n<p>Lisapopkornimais 1kg\u00a0 5,00\u20ac<br \/>\nLisatopsid 10tk 5,00\u20ac<\/p>\n<\/div>\n<\/div>\n<div class=\"\" data-block=\"true\" data-editor=\"19tpq\" data-offset-key=\"dfjcv-0-0\">\n<div class=\"_1mf _1mj\" data-offset-key=\"dfjcv-0-0\">\n<div class=\"o9v6fnle cxmmr5t8 oygrvhab hcukyx3x c1et5uql ii04i59q\">\n<div dir=\"auto\"><strong>Maitseainete komplekt<\/strong> (neli erinevat maitseainet): 9\u20ac (eraldi ostes 12\u20ac)<br \/>\n<img decoding=\"async\" class=\"alignnone wp-image-1204\" src=\"https:\/\/jatman.ee\/test\/wp-content\/uploads\/2023\/01\/Popcorn_2.jpg\" alt=\"\" width=\"423\" height=\"317\" srcset=\"https:\/\/jatman.ee\/test\/wp-content\/uploads\/2023\/01\/Popcorn_2.jpg 800w, https:\/\/jatman.ee\/test\/wp-content\/uploads\/2023\/01\/Popcorn_2-300x225.jpg 300w, https:\/\/jatman.ee\/test\/wp-content\/uploads\/2023\/01\/Popcorn_2-768x576.jpg 768w, https:\/\/jatman.ee\/test\/wp-content\/uploads\/2023\/01\/Popcorn_2-150x113.jpg 150w\" sizes=\"(max-width: 423px) 100vw, 423px\" \/><\/div>\n<div dir=\"auto\">\n<p><strong>Popkornimasina kasutusjuhend:<\/strong><\/p>\n[embed]https:\/\/www.youtube.com\/watch?v=2EogVJw-BT8&#038;t=2s[\/embed]\n<\/div>\n<\/div>\n<div class=\"o9v6fnle cxmmr5t8 oygrvhab hcukyx3x c1et5uql ii04i59q\">\n<div dir=\"auto\">\n<p><strong>Vajate transporti?<br \/>\n<\/strong>Saame soovi korral tuua Teile masinad peokohta kohale! Transpordi hind s\u00f5ltub Teie asukohast. T\u00e4pse hinna saate kui kirjutate meile oma aadressi, kuhu masinaid soovite saada.<br \/>\nMiinimumhind on 25\u20ac (v.a. Loo) ning ligikaudse hinna saate soovi korral ise v\u00e4lja arvestada korrutades kilometraa\u017ei 1.6-ga.<\/p>\n<\/div>\n<\/div>\n<\/div>\n<\/div>\n<\/div>\n<\/div>\n","protected":false},"featured_media":1197,"template":"","meta":{"_exactmetrics_skip_tracking":false,"_exactmetrics_sitenote_active":false,"_exactmetrics_sitenote_note":"","_exactmetrics_sitenote_category":0},"product_brand":[],"product_cat":[50],"product_tag":[],"class_list":{"0":"post-679","1":"product","2":"type-product","3":"status-publish","4":"has-post-thumbnail","6":"product_cat-jatman-jaatised","8":"first","9":"outofstock","10":"taxable","11":"shipping-taxable","12":"purchasable","13":"product-type-simple"},"_links":{"self":[{"href":"https:\/\/jatman.ee\/test\/wp-json\/wp\/v2\/product\/679","targetHints":{"allow":["GET"]}}],"collection":[{"href":"https:\/\/jatman.ee\/test\/wp-json\/wp\/v2\/product"}],"about":[{"href":"https:\/\/jatman.ee\/test\/wp-json\/wp\/v2\/types\/product"}],"wp:featuredmedia":[{"embeddable":true,"href":"https:\/\/jatman.ee\/test\/wp-json\/wp\/v2\/media\/1197"}],"wp:attachment":[{"href":"https:\/\/jatman.ee\/test\/wp-json\/wp\/v2\/media?parent=679"}],"wp:term":[{"taxonomy":"product_brand","embeddable":true,"href":"https:\/\/jatman.ee\/test\/wp-json\/wp\/v2\/product_brand?post=679"},{"taxonomy":"product_cat","embeddable":true,"href":"https:\/\/jatman.ee\/test\/wp-json\/wp\/v2\/product_cat?post=679"},{"taxonomy":"product_tag","embeddable":true,"href":"https:\/\/jatman.ee\/test\/wp-json\/wp\/v2\/product_tag?post=679"}],"curies":[{"name":"wp","href":"https:\/\/api.w.org\/{rel}","templated":true}]}}