{"id":820,"date":"2022-06-08T13:09:10","date_gmt":"2022-06-08T13:09:10","guid":{"rendered":"https:\/\/jatman.ee\/test\/?post_type=product&#038;p=820"},"modified":"2025-05-23T17:00:22","modified_gmt":"2025-05-23T17:00:22","slug":"minipannkoogimasin","status":"publish","type":"product","link":"https:\/\/jatman.ee\/test\/pood\/minipannkoogimasin\/","title":{"rendered":"Minipannkoogi masin"},"content":{"rendered":"","protected":false},"excerpt":{"rendered":"<div class=\"\" data-block=\"true\" data-editor=\"19tpq\" data-offset-key=\"8m9bq-0-0\">\n<div class=\"\" data-block=\"true\" data-editor=\"19tpq\" data-offset-key=\"64oar-0-0\">\n<div class=\"_1mf _1mj\" data-offset-key=\"64oar-0-0\">\n<div class=\"kvgmc6g5 cxmmr5t8 oygrvhab hcukyx3x c1et5uql ii04i59q\">\n<div dir=\"auto\">\n<div class=\"\" data-block=\"true\" data-editor=\"19tpq\" data-offset-key=\"64oar-0-0\">\n<div class=\"_1mf _1mj\" data-offset-key=\"64oar-0-0\">\n<div class=\"kvgmc6g5 cxmmr5t8 oygrvhab hcukyx3x c1et5uql ii04i59q\">\n<div dir=\"auto\">\n<p><strong>Minipannkoogid on suurep\u00e4rane suupiste ja k\u00f5hut\u00e4is nii s\u00fcnnip\u00e4evalauale, kontoripeole, hoovikohvikusse kui ka pere seltsis p\u00fchap\u00e4evahommikusse!<\/strong><\/p>\n<p>* Rendihind alates 25\u20ac<br \/>\n* Rendipaketid sisaldavad lihtsalt kasutatavat minipannkoogi masinat koos toorainetega vastavalt valitud paketile<br \/>\n* Mittekleepuva kattega k\u00fcpsetuspann<br \/>\n* Poole plaadi kaupa reguleeritavad k\u00fcpsetustemperatuurid!<br \/>\n* Soovi korral saate kaasa rentida korduvkasutatavaid serveerimisn\u00f5usid: 10 kausikest hinnaga 5\u20ac. Juhime t\u00e4helepanu, et iga tagastamata n\u00f5u eest tuleb tasuda 0.50\u20ac.<br \/>\n* Enne kasutamist tutvuge <a href=\"https:\/\/jatman.ee\/test\/minipannkoogimasina-kasutusjuhend\/\">kasutusjuhendiga<\/a>!<\/p>\n<div class=\"\" data-block=\"true\" data-editor=\"19tpq\" data-offset-key=\"64oar-0-0\">\n<div class=\"_1mf _1mj\" data-offset-key=\"64oar-0-0\">\n<div class=\"kvgmc6g5 cxmmr5t8 oygrvhab hcukyx3x c1et5uql ii04i59q\">\n<div dir=\"auto\">\n<p><strong>UUDIS! N\u00fc\u00fcd saadaval ka minipannkookide paketid!<\/strong> Vali kas soovid rentida vaid masina v\u00f5i eelistad t\u00e4islahendust koos segude, kastmete ja taldrikutega!<\/p>\n<p><strong>Hinnakiri ainult masina rendiks:<br \/>\n<\/strong><span style=\"font-size: 0.875rem;\"><b>25\u20ac\/ 25ne masin ( Voolutarve 1000 W, 4A; kaal 5kg )<br \/>\n35\u20ac\/ 50ne masin ( Voolutarve 1800 W, 8A; kaal 9kg )<br \/>\n45\u20ac\/ 100ne masin ( Voolutarve 2400 W, 1.1A; kaal 18kg )<br \/>\n<\/b><\/span><em><span style=\"font-size: 0.775rem;\">* Rendihind sisaldab vaid minipannkoogimasina renti 24h<\/span><\/em><\/p>\n<p><a href=\"https:\/\/jatman.ee\/test\/minipannkoogimasin-paketid\/\"><strong>Tutvu meie pakkettidega:<\/strong><\/a><br \/>\n<a href=\"https:\/\/jatman.ee\/test\/minipannkoogimasin-paketid\/\"><img decoding=\"async\" class=\"alignnone wp-image-1587 size-full\" src=\"https:\/\/jatman.ee\/test\/wp-content\/uploads\/2022\/06\/Pannkoogi-paketid.jpg\" alt=\"\" width=\"1167\" height=\"762\" srcset=\"https:\/\/jatman.ee\/test\/wp-content\/uploads\/2022\/06\/Pannkoogi-paketid.jpg 1167w, https:\/\/jatman.ee\/test\/wp-content\/uploads\/2022\/06\/Pannkoogi-paketid-300x196.jpg 300w, https:\/\/jatman.ee\/test\/wp-content\/uploads\/2022\/06\/Pannkoogi-paketid-1024x669.jpg 1024w, https:\/\/jatman.ee\/test\/wp-content\/uploads\/2022\/06\/Pannkoogi-paketid-768x501.jpg 768w\" sizes=\"(max-width: 1167px) 100vw, 1167px\" \/><\/a><\/p>\n<p><b><\/b><span style=\"font-size: 0.875rem;\"><strong>K\u00f5ikides pakettides sisaldub:<\/strong><br \/>\n<span style=\"font-size: 0.875rem;\">\u2713 minipannkoogimasina rent<br \/>\n<span style=\"font-size: 0.875rem;\">\u2713 dosaatori rent<br \/>\n<span style=\"font-size: 0.875rem;\">\u2713 k\u00fcpsetamiseks \u00f5li<br \/>\n<span style=\"font-size: 0.875rem;\">\u2713 vastavalt valitud paketile minipannkoogi tooraine ning kastmed<\/span><\/span><\/span><\/span><\/span><\/p>\n<p><b><\/b><span style=\"font-size: 0.875rem;\"><strong>Pakketides MINI, MIDI, REGULAR, MAXI ei sisaldu:<\/strong><br \/>\n<span style=\"font-size: 0.875rem;\">\u2713 piim (v\u00f5i vesi) pannkoogijahule. Kulu ca 400 ml \u00fche pakk minipannkoogijahu kohta.<br \/>\n<span style=\"font-size: 0.875rem;\">\u2713 taigna segamise vahendeid<\/span><\/span><\/span><\/p>\n<p><em>* Kui soovite pakketides MINI, MIDI ja REGULAR asendada pannkoogijahu valmistaignaga, lisandub hinnale tabeli Minipannkoogi valmissegu olevas lahtris toodud summa.<\/em><\/p>\n<p>Broneerimiseks saada meile <strong style=\"font-size: 0.875rem;\"><a href=\"https:\/\/jatman.ee\/test\/paring\/\">P\u00c4RING<\/a><\/strong><\/p>\n<\/div>\n<\/div>\n<\/div>\n<\/div>\n<\/div>\n<\/div>\n<\/div>\n<\/div>\n<div class=\"\" data-block=\"true\" data-editor=\"19tpq\" data-offset-key=\"dfjcv-0-0\">\n<div class=\"_1mf _1mj\" data-offset-key=\"dfjcv-0-0\">\n<div class=\"o9v6fnle cxmmr5t8 oygrvhab hcukyx3x c1et5uql ii04i59q\">\n<div dir=\"auto\">\n<p><strong>Vajate transporti<\/strong>?<br \/>\nSaame soovi korral tuua Teile masinad peokohta kohale! Transpordi hind s\u00f5ltub Teie asukohast. T\u00e4pse hinna saate kui kirjutate meile oma aadressi, kuhu masinaid soovite saada.<br \/>\nMiinimumhind on 25\u20ac (v.a. Loo) ning ligikaudse hinna saate soovi korral ise v\u00e4lja arvestada korrutades kilometraa\u017ei 1.6-ga.<\/p>\n<\/div>\n<\/div>\n<\/div>\n<\/div>\n<\/div>\n<\/div>\n<\/div>\n<\/div>\n<\/div>\n","protected":false},"featured_media":1184,"template":"","meta":{"_exactmetrics_skip_tracking":false,"_exactmetrics_sitenote_active":false,"_exactmetrics_sitenote_note":"","_exactmetrics_sitenote_category":0},"product_brand":[],"product_cat":[50],"product_tag":[],"class_list":{"0":"post-820","1":"product","2":"type-product","3":"status-publish","4":"has-post-thumbnail","6":"product_cat-jatman-jaatised","8":"first","9":"outofstock","10":"taxable","11":"shipping-taxable","12":"purchasable","13":"product-type-simple"},"_links":{"self":[{"href":"https:\/\/jatman.ee\/test\/wp-json\/wp\/v2\/product\/820","targetHints":{"allow":["GET"]}}],"collection":[{"href":"https:\/\/jatman.ee\/test\/wp-json\/wp\/v2\/product"}],"about":[{"href":"https:\/\/jatman.ee\/test\/wp-json\/wp\/v2\/types\/product"}],"wp:featuredmedia":[{"embeddable":true,"href":"https:\/\/jatman.ee\/test\/wp-json\/wp\/v2\/media\/1184"}],"wp:attachment":[{"href":"https:\/\/jatman.ee\/test\/wp-json\/wp\/v2\/media?parent=820"}],"wp:term":[{"taxonomy":"product_brand","embeddable":true,"href":"https:\/\/jatman.ee\/test\/wp-json\/wp\/v2\/product_brand?post=820"},{"taxonomy":"product_cat","embeddable":true,"href":"https:\/\/jatman.ee\/test\/wp-json\/wp\/v2\/product_cat?post=820"},{"taxonomy":"product_tag","embeddable":true,"href":"https:\/\/jatman.ee\/test\/wp-json\/wp\/v2\/product_tag?post=820"}],"curies":[{"name":"wp","href":"https:\/\/api.w.org\/{rel}","templated":true}]}}